tive of -v**5/60 + v**4/4 - 7*v**3/6 - 7*v**2. Let t be y(3). Suppose t*q - 72 = -12. What is the tens digit of q?
3
Suppose -5*f + 26049 = -3*o, 9*f - 13*f + 20852 = 4*o. What is the units digit of f?
1
Let c = 939 + 3767. What is the hundreds digit of c?
7
Let n(z) = z**2 + 3*z - 10. Let q be n(-5). Let x(i) = q*i**3 - 3*i**2 - 4*i**3 + 2*i - 3*i + 0*i. What is the units digit of x(-2)?
2
Suppose 7*w + 121 = 331. What is the tens digit of w?
3
What is the hundreds digit of -10*((-2)/(-4))/(85/(-25364))?
4
Let l(w) = 6*w**2 - 20*w - 78. What is the tens digit of l(-4)?
9
Let k(l) = 6*l**2 - 12*l**2 + 3 - 2*l**3 + l**3. What is the units digit of k(-6)?
3
Suppose 32 + 73 = 5*j. Suppose -v = -i + v - 7, 5*i - 5 = 2*v. Suppose 18 = i*w - j. What is the units digit of w?
3
Let k(o) = -7*o**2 - 5*o. Suppose n + 1 = -1. Let t be k(n). Let c = t - -23. What is the units digit of c?
5
Let z be 12*(-4)/(-12)*3. Suppose 3*s + z = -s. Let g = s - -8. What is the units digit of g?
5
Let i = -12 + 20. Suppose 5*d - i*d = 102. What is the tens digit of d/85 - 142/(-5)?
2
Suppose -140*x + 142*x = 1066. What is the tens digit of x?
3
Let z be (-56)/2*(-3 - (-44)/16). Let d(s) be the first derivative of s**4/4 - 7*s**3/3 + 3*s**2/2 - 8*s - 1. What is the tens digit of d(z)?
1
Let d be 588/16 + 9/(-12). Let b = -32 + d. Suppose -4*n = 2*f - b*f + 70, 0 = 3*f - 3*n - 99. What is the units digit of f?
1
Suppose 5*p + 0*p = 15. Suppose 3*a = -p*i + 24, 2*a - 8 = -4*i + 16. What is the units digit of a?
4
Suppose 70 = 4*t - 170. Let i = -110 - -219. Let m = i - t. What is the tens digit of m?
4
Let t = -19 - -34. Suppose -t = -u - 3*a, -u - 3*u + 92 = 4*a. Suppose -4*z - u + 171 = 0. What is the units digit of z?
6
Let b = -293 - -164. Let s be b*(-4)/12 - 1. Suppose 0*i + s = 2*w - 5*i, 0 = 3*w + 2*i - 44. What is the tens digit of w?
1
Suppose 7*u - 4*u = 1266. What is the hundreds digit of u?
4
Let f(z) = z**3 - 4*z**2 + 4. Suppose 2*w = 7 - 3. Let k be f(w). What is the units digit of 14 + (k/4)/1?
3
Suppose 15*z - 4714 - 5591 = 0. What is the tens digit of z?
8
Let s be (-1)/(-2) - 20/(-8). Suppose -f - s = -0*f. Let l = f + 4. What is the units digit of l?
1
Suppose -10 = -5*i, -4*i + 133 = -4*z + 5*z. Let j = z + -39. What is the units digit of j?
6
Suppose -j - 124 = -2*x + 123, 2*x - 3*j - 241 = 0. What is the hundreds digit of x?
1
Suppose 2*y = 4*y. Let r be y - -1 - 5/(-5). Suppose r + 2 = p. What is the units digit of p?
4
Suppose -3*t + t = -58. Let c = -17 + t. Let p = c + -1. What is the units digit of p?
1
Suppose -6 = -0*h + h. What is the units digit of 750/12 - h/4?
4
Let q(c) = 16*c**2 + 77*c + 69. What is the tens digit of q(-22)?
1
Suppose -1227 = -6*s + 3135. What is the tens digit of s?
2
What is the tens digit of (-173)/(10/(-55) - 14/44)?
4
Suppose 0*h + 3*h = -6, -5*h - 2 = l. Let z = -31 - -30. Let x = z + l. What is the units digit of x?
7
Let v be ((-12)/18)/((-2)/6). Suppose 2*b - v = 10. What is the units digit of b?
6
What is the units digit of 44/66*(-9)/(-1)?
6
What is the units digit of ((-6)/4)/(114/152) + 1611?
9
Let p be ((-256)/(-18) - 2) + (-12)/54. Suppose m - 60 = p. What is the units digit of m?
2
Suppose -r - 3448 = -2*p, -347 + 3783 = 2*p + 5*r. What is the hundreds digit of p?
7
Suppose -5*k + 1373 = 4*c, 3*k + 3*c = 4*k - 286. Let j = 435 - k. What is the units digit of j?
8
Let o(a) = a + 2. Let c be o(0). Let j be (-2)/(2*(-1)/57). Suppose c*q = -q + j. What is the tens digit of q?
1
Suppose 0 = -k + 3*k - 10. Let f(i) = i**2 + 4*i - 5. Let q(o) = -o**2 - 3*o + 4. Let y(r) = -4*f(r) - 5*q(r). What is the tens digit of y(k)?
2
Suppose -3 = 3*a - 4*y - 40, -2*a + 18 = -y. Suppose -a*i = 8 - 71. What is the units digit of i?
9
Let h be (1 - 0)/((-2)/(-10)). Suppose 94 = w + 5*g, 4*w + h*g - 277 = 39. Let u = w - 52. What is the units digit of u?
2
Suppose 2*i = 12*i - 32190. What is the thousands digit of i?
3
Let y(w) be the first derivative of -39*w**2/2 - 30*w - 52. What is the units digit of y(-8)?
2
Suppose 4751 - 55109 = -11*r. What is the units digit of r?
8
Suppose -4*z - 51 = 49. Let s = 32 + z. What is the units digit of s?
7
Suppose 177 = 6*i - 63. Let g be ((-144)/i)/(2/(-10)). Suppose -13*s - 205 = -g*s. What is the units digit of s?
1
Suppose -5*s - 14955 = -l - 4*l, 11976 = 4*l - s. What is the tens digit of l?
9
Let w(u) = u**2 - 13*u - 10. Let a be w(14). Suppose 723 = a*o - 2*s - s, -o + 157 = 4*s. What is the tens digit of o?
7
Suppose 5*o + 5 - 10 = 0. What is the tens digit of 13 + 8/(4/o)?
1
Suppose -2*d + 285 = o + 55, 3*o = 0. What is the hundreds digit of d?
1
Suppose 2*y - 4*y + 940 = -5*i, 5*i = y - 470. What is the hundreds digit of y?
4
Let g = 350 - 223. Suppose -189 = -4*d + g. What is the tens digit of d?
7
Let h be (-4)/14 - (-5)/((-210)/(-138)). Suppose -h*q + 186 = -135. What is the units digit of q?
7
Suppose -12 = -3*v - 0. Let o be (-3)/(-12)*4*v. What is the tens digit of (-2)/o*(-174)/3?
2
Let s = 261 + 210. What is the hundreds digit of s?
4
Suppose 3*f = 5*k - 1955, 4*k - 2*f + 0*f = 1566. What is the hundreds digit of k?
3
Suppose -40*b = -39*b - 2. What is the units digit of 573/6*b + 4?
5
Let s be 36/48 - (-61)/4. Let k = 29 - s. What is the tens digit of k?
1
Suppose -84 = -3*k - 3*b, -4*k = k + 3*b - 134. Let g be k + 5/(15/(-9)). Let y = 39 - g. What is the units digit of y?
7
Suppose -8*k + 4*k = -192. Suppose -43*q - 150 = -k*q. What is the units digit of q?
0
Suppose 7*s - 3*s = -32. What is the tens digit of s/(-10) + (-266)/(-5)?
5
Let c = -4 + -1. Let f(w) = 4*w**2 + 2*w + 9. Let r(a) = -7*a**2 - 4*a - 17. Let j(p) = c*f(p) - 3*r(p). What is the units digit of j(-6)?
0
Let j(n) = -n**2 + 2*n - 4. Let y be j(10). Let c = y - -125. What is the tens digit of c?
4
Let z(y) = 51*y**2 - y. Let k be z(1). Let i = -39 + k. Suppose -w + i = 4*a, -4*w = 5*a - 42 - 2. What is the tens digit of w?
1
Suppose -5*t - 2*m + 343 = -m, 77 = t - 4*m. Let k = 100 - t. What is the units digit of k?
1
Let t = 14 - 9. Suppose -t*z + 2*q + 4 = 0, 3*z - 4*z + q = 1. What is the tens digit of 61/3 + z/(-6)?
2
Let f be ((-50)/15)/((-2)/6). Let w be (12/f)/((-4)/20). Let q = 1 - w. What is the units digit of q?
7
Suppose -296 - 976 = -x - 4*f, 0 = -4*x + f + 5122. What is the tens digit of x?
8
Suppose 10 + 2699 = 3*h. What is the hundreds digit of h?
9
Let u(p) = 311*p**2 + 2*p + 15. What is the thousands digit of u(-4)?
4
Let c(d) = -d**3 + 9*d**2 + 13*d - 12. Suppose 0 = 10*h - 7*h - 30. Let i be c(h). What is the units digit of (4/(-12))/((-1)/i)?
6
Let c(k) = -k**3 + k**2 + k + 3. Suppose 3*m = 4*m. Let o be c(m). Suppose 4*q = 4*i + 28 + 4, -o*i = -q. What is the tens digit of q?
1
Let o(f) = -f**3 - 7*f**2 - 9*f - 12. Let k = 36 + -25. Suppose s + 17 - k = 0. What is the units digit of o(s)?
6
Let i be ((-20)/6)/(-1 + 10/12). What is the hundreds digit of (i/(-30))/(4/(-606))?
1
Suppose -2*d + 2*q = q - 5, 2*d + 2*q - 8 = 0. What is the units digit of 93 - (3 + -3)*d/3?
3
Let a be (-3 + -2)/(45/(-18)). Suppose 3*m - 5*n - 8 = 0, 5*n + 6 = 3*m + 2*n. What is the tens digit of (a - m)*(0 + 13)?
1
Let n(p) = p**2 - 8*p + 1. Let j(b) = b + 30. Let f be j(-17). Let m be n(f). Let s = m + -2. What is the units digit of s?
4
Let a(m) = m + 16. Let h be a(16). Suppose 0*z = 2*z - h. Suppose z*j = 15*j + 13. What is the tens digit of j?
1
What is the units digit of 8/24 + (79926/9)/7?
9
Suppose -n = 4*n - 20. Suppose n*f + 0*o + 5*o - 40 = 0, 3*o + 27 = f. What is the units digit of 7/(3/f + 0)?
5
Suppose 3*m - 74 - 64 = 0. What is the tens digit of m?
4
Let g(d) = 76*d + 14. Let o be g(6). Let i = o + -263. What is the hundreds digit of i?
2
Suppose 0*z - 5*j + 40 = 3*z, -j = 5*z - 52. Let x(s) = 5*s + 9. Let i be x(z). Let n = -10 + i. What is the units digit of n?
9
Suppose -11*x + 5686 = 450. What is the units digit of x?
6
Let t = 7244 + -3953. What is the hundreds digit of t?
2
Suppose 5*u - 9698 = -4*v, -5*v = -6*u + 2*u - 12143. What is the thousands digit of v?
2
Let i = -429 - -673. What is the hundreds digit of i?
2
Suppose -11*i + 749 = -1374. What is the tens digit of i?
9
Let k be -11*4*-1 - 4. Suppose -2*a = 4*p - 624, 3*p + 2*a = 506 - k. What is the tens digit of p?
5
Let